ed by v?
1
Let i(a) = a**2 + 4*a - 5. Calculate the remainder when 30 is divided by i(3).
14
Let y = 258 - 180. Suppose z = -z + y. Calculate the remainder when z is divided by 10.
9
Suppose -6*c + 69 = -27. Let b be (-1 + 2)*2 + 4. Suppose -t - k = -12, k = -t + 2*k + b. Calculate the remainder when c is divided by t.
7
Suppose 3*g + g = 12. Suppose 0 = -g*z - 2*z + 70. Suppose 4*r - 2*r = z. Calculate the remainder when 19 is divided by r.
5
Suppose d = 2*l + 6, 0 = -5*d + 2*l - 4 + 18. Suppose -2*p = -0 - 14. What is the remainder when p is divided by d?
1
Suppose 4 = 4*y - 4. Suppose -y*v + 5*h - 5 + 15 = 0, 0 = h. Suppose -v*f + 46 = -29. Calculate the remainder when f is divided by 8.
7
What is the remainder when (-195)/(-52)*12/1 is divided by 8?
5
Suppose -4*f + 378 = -0*f - 2*g, 5*f + g - 455 = 0. Calculate the remainder when f is divided by 31.
30
Let m = 51 - 38. What is the remainder when 116 is divided by m?
12
Suppose -2*i - 3*s + 162 = 0, 0*i + i = s + 76. Calculate the remainder when i is divided by 20.
18
Suppose 0 = -y + 2*y + 4*d + 11, -y + d = 1. Calculate the remainder when 3 is divided by (-10)/(y - -1) + -2.
0
Suppose -h + 0*h + 4 = 0. Let s(y) = -2 - 2*y - y + 4 - h. What is the remainder when 18 is divided by s(-4)?
8
Let m(a) = -a + 2. Let q be m(-2). Let g = q - -15. Calculate the remainder when 36 is divided by g.
17
Suppose -u + 5*u = 192. What is the remainder when u is divided by 17?
14
Let d(s) = 4*s - 7. Let g(p) = p + 1. Let o(l) = d(l) - g(l). Calculate the remainder when o(6) is divided by 4.
2
Let g = 49 + -21. Suppose -17*z = -5*z - 120. What is the remainder when g is divided by z?
8
Let l(n) = -n**2 - 16*n + 1. Calculate the remainder when 29 is divided by l(-15).
13
Let n(s) = 4*s**2 - 2*s - 3. Calculate the remainder when n(5) is divided by 22.
21
Suppose -21 = -3*m + 2*l + 48, 4*m - 92 = 3*l. What is the remainder when 88 is divided by m?
19
Suppose -2*o + 8 = 2*j, 0 = 5*o + 5*j - j - 22. Calculate the remainder when 4/14 + (-75)/(-7) is divided by o.
5
Suppose -2*j - 4*m = -52, 0 = -4*j - m + 20 + 56. Let s be 194/j + 2/9. Calculate the remainder when 32 is divided by s*(3 - (-2 - -4)).
10
Let m(s) = 5*s - 2. Let n be m(1). Suppose -5*h - u + 20 = -n*u, 0 = 4*u - 20. Suppose -26 = -2*o - 4. Calculate the remainder when o is divided by h.
5
Suppose 5*w + 155 = 5*d, 4*w = -4*d + 31 + 117. Calculate the remainder when d is divided by 12.
10
Suppose 0 = 4*d - 5*r + 1 - 2, -2*r = -2*d + 2. Suppose 50 + d = 3*x. Calculate the remainder when x is divided by 5.
3
Let w(h) = -7*h**2 + 8*h**2 - 4*h + h. Let n be w(-5). Suppose -2*l + n - 8 = 0. Calculate the remainder when 31 is divided by l.
15
Suppose 33 = 4*u - 3*u. Suppose -f = 2*f - 90. What is the remainder when u is divided by 2 - f/(-1 - 1)?
16
Suppose 63 = s - 5*w, -6*s + s + 4*w + 231 = 0. What is the remainder when s is divided by 11?
10
Suppose 0 = -2*p - 2*g + 12, p - 4*p = -4*g - 32. Let v(q) = 5*q**2 + 2*q + 1. Let d be v(-1). What is the remainder when (115/(-20))/((-1)/d) is divided by p?
7
Let a be 1/(-3) + 50/6. Suppose 3*s = 38 - a. Suppose 5*i - 17 - 13 = 0. Calculate the remainder when s is divided by i.
4
Suppose -120*s + 127*s = 147. Calculate the remainder when 36 is divided by s.
15
Let c = 22 + -16. Suppose 0*o = -n - 2*o - 6, -4*o = 5*n + c. Calculate the remainder when n is divided by 2.
0
Let v = -37 + 41. Suppose 5*j + 0*j = 25. Suppose -24 - 31 = -j*d. What is the remainder when d is divided by v?
3
Let q(j) = -j**3 + 18*j**2 + 25*j + 8. Calculate the remainder when q(19) is divided by 25.
22
Let d = 4 - 0. Suppose -d*y + k + 0*k = -153, y - 42 = k. What is the remainder when y is divided by 13?
11
Let t = 183 - 75. What is the remainder when t is divided by 22?
20
Let m = -77 + 138. What is the remainder when m is divided by 21?
19
Let l be -2 + 3/3 - 6. Let n(f) = -10*f. What is the remainder when n(l) is divided by 24?
22
Let r = 6 - 5. What is the remainder when 15 is divided by 12*3*r/9?
3
Let v = 148 - 114. Let l(t) = 15*t**2 + t + 2. What is the remainder when l(-3) is divided by v?
32
Suppose 0 = 3*g + 3*n + 3, -g - 2*n - 6 = -2. Suppose 5*t - 43 = -x, g*t + 3 = 3*t. Calculate the remainder when x is divided by 10.
8
Suppose m = -5*a - 20, 3*m + 5*a - 10 = 5*m. Let b(i) = -2*i - 12. Calculate the remainder when 14 is divided by b(m).
6
Suppose 225 = 2*q + 7*q. Calculate the remainder when 97 is divided by q.
22
Suppose -11 = -2*k + 11. Suppose 4*j - k - 1 = 0. Suppose -j*z = -4*d - 22, -5*z + 18 = -5*d - 17. What is the remainder when 10 is divided by z?
4
Suppose 6*i - 95 = i. What is the remainder when (1/(-2))/((-2)/148) is divided by i?
18
Let c = 4 + -1. Let h(d) = -2*d**3 + 3*d**2 + 2. Let k be h(c). Let g = k - -43. What is the remainder when 53 is divided by g?
17
Let b = 98 - 75. What is the remainder when b is divided by 6?
5
Suppose 2 = 2*s, 0 = -3*a - 3*s - 2*s + 38. What is the remainder when (3 - 6/(-12))/((-2)/(-12)) is divided by a?
10
Let f(s) = 2*s. Let v(k) = k**2 - k - 4. Calculate the remainder when f(1) is divided by v(-2).
0
Let x = 140 + -134. What is the remainder when 1*14 - (0 + 0) is divided by x?
2
Let l be ((-5)/2)/5*-6. Let i = l - 1. Suppose 0 = -5*v + 5*m + 30, 3*m = -4*v + 2 - 6. What is the remainder when i is divided by v?
0
What is the remainder when (4/3)/(18/459) is divided by 12?
10
Suppose a - 3 = -6, -5*a - 24 = -3*x. What is the remainder when 5 is divided by x?
2
Let a = 241 + -150. What is the remainder when a is divided by 31?
29
Let b(s) = 3*s**2 - 4*s - 11. What is the remainder when b(6) is divided by 15?
13
Let h(i) = 4*i - 5. Let p be h(-6). Calculate the remainder when -2 - (1 + 3 + p) is divided by 13.
10
What is the remainder when 177 is divided by 0/(-1) + 600/20?
27
What is the remainder when 11 is divided by 11 + -14 - (-30)/(3/1)?
4
Suppose 6 + 6 = -k + 2*a, -3 = 4*k + a. Let t be ((-6)/3)/(k/18). Suppose 2*g - 76 + t = 0. Calculate the remainder when g is divided by 15.
14
Suppose 5*k - k = 0. Suppose -6*t + t + 490 = k. What is the remainder when t is divided by 25?
23
Let g be (-7)/(21/(-6)) - -2. Suppose -6 = -g*s + 2. What is the remainder when s is divided by 2?
0
Let h(i) be the first derivative of i**4/4 + i**3/3 + i**2 - i - 2. What is the remainder when (-1 - -2) + (-56)/(-2) is divided by h(2)?
14
Let i = 5 + -1. Suppose -i*f = -2*f. Calculate the remainder when 16 is divided by (-27 + f)*(-1)/3.
7
Suppose 1 = 4*c - 11. Suppose -4*l - 3 = -c*l. What is the remainder when 8*2/(-6)*l is divided by 3?
2
Let o be 6 + 2/1 + -5. What is the remainder when 330/40 + o/4 is divided by 5?
4
Calculate the remainder when 76 is divided by 32 + (2 - 2 - 5).
22
Suppose 3 + 17 = 2*b. What is the remainder when 27 is divided by b?
7
Let a be -1*(2 + -1 + 3). Let b = 5 + a. Calculate the remainder when 1 is divided by b.
0
Let f = -3 + 8. Let b(z) = z**2 - 4*z + 5. Suppose 4*x = 20 + 4. What is the remainder when b(f) is divided by x?
4
Suppose 3*b + 113 = 4*q + 4*b, -q + 5*b + 44 = 0. Calculate the remainder when q is divided by 8.
5
Let s(k) = 2*k**2 - 5*k + 1. Let y be s(4). Suppose -4*t = 2*f - 2, -5*f + 2*t = -4 - y. Let m(z) = -z**3 - 1. What is the remainder when m(-2) is divided by f?
1
What is the remainder when 159 is divided by ((-16)/(-5))/(-3 - (-77)/25)?
39
Suppose k - 9 = -m - 36, -m - 24 = 4*k. Let a = m + 20. Calculate the remainder when 3 is divided by (-4)/a - (-6)/4.
1
Suppose 2*o = -4 - 6, -4*o = 5*z - 175. Calculate the remainder when z is divided by 10.
9
Let f be (-50)/15*102/4. Let a = -35 - f. What is the remainder when a is divided by 17?
16
Suppose 3*q - 2 - 1 = 0. What is the remainder when 28 is divided by (-29 - q)/(2 + -4)?
13
Let z(r) be the second derivative of 9*r**4/4 - r**3/6 + 2*r. Let t = -5 + 15. Calculate the remainder when z(-1) is divided by t.
8
Let s = -64 - -89. Calculate the remainder when s is divided by 13.
12
Let a be ((-60)/(-8))/(6/8). Let j(x) = -x**3 + 6*x**2 + 4. Let n be j(6). Let g = n + a. Calculate the remainder when 26 is divided by g.
12
Let h(s) be the first derivative of 2*s**3/3 + 7*s**2 + 2*s - 6. Calculate the remainder when h(-7) is divided by 1.
0
Let r = -8 + 37. Let f = 35 + -19. What is the remai